e prime factors of g(-1)?
2, 107
Suppose -3*r = -13 - 8. Let t be 1 + 0 + -8 + r. What are the prime factors of -1*(-46 + (3 - t))?
43
Suppose -39*f = -31*f - 11240. List the prime factors of f.
5, 281
Let m = 18 - 38. What are the prime factors of (35/m)/(4/(-32))?
2, 7
Suppose -25 = -7*f + 2*f. Suppose f*s - 91 - 9 = 0. List the prime factors of s.
2, 5
Suppose -2*i = -921 + 215. What are the prime factors of i?
353
Let b(z) = -7*z**2 - 2*z + 10. Let p(t) = -3*t**2 - t + 5. Let r(s) = 2*s + 1. Let w be r(6). Let f(a) = w*p(a) - 6*b(a). List the prime factors of f(5).
3, 5
Suppose 24*a + 5 = 19*a. What are the prime factors of (-4)/(a - 3) + 157?
2, 79
Suppose 0 = c - 4*p - 1880, -13*c + 2*p + 7478 = -9*c. What are the prime factors of c?
2, 467
Suppose 3*c = 4*u + 2, -2*c - u - 4 = -c. Let v be -3 + 16 + c + 3. Suppose 2*i = 0, -3*a + 83 = -i + v. What are the prime factors of a?
23
Suppose 4*x + 164 = 5*g, -x = -4*g + 48 + 92. Suppose -235 + 37 = -6*j. Suppose -2*i + 2*c + j = c, -4*i = 4*c - g. What are the prime factors of i?
2, 7
Suppose -72*s + 69*s = -4287. What are the prime factors of s?
1429
Let b(k) = 17*k**2 + 33*k + 10. What are the prime factors of b(-5)?
2, 3, 5
Let a(f) = -8*f - 35. Let k be a(-11). What are the prime factors of -1 + 8/6 + k/3?
2, 3
What are the prime factors of 2041 + 0 - (8 - (-20)/(-4))?
2, 1019
Let g = 96 + -15. Let o be (-2 - 6/(-4))/((-27)/108). Suppose -o*t + g = t. What are the prime factors of t?
3
Let s(a) = -45*a + 3. Let t be 4*(3 + (-35)/10). List the prime factors of s(t).
3, 31
Let m(j) = 14*j**2 - 4*j - 6. List the prime factors of m(4).
2, 101
Suppose 0 = -4*g + 5 + 11. List the prime factors of 3 + -4*(-17)/g.
2, 5
Suppose p = -4, 3*h - 3 = -2*p - p. Suppose h*r = -20 + 85. What are the prime factors of r?
13
Let j = 41 + 198. What are the prime factors of j?
239
Let a(x) = 4*x**2 - 2*x. Let l be a(-3). Suppose 2*y = 3*y - l. Suppose 55 + 1 = 4*m - 2*k, y = 4*m + 5*k. What are the prime factors of m?
13
Let j(k) = 2*k**2 + 26*k + 28. Let z be j(-12). Suppose -2*w = 3*d - z*d + 105, -4*d - 4*w + 408 = 0. List the prime factors of d.
103
Let w = -189 - -276. What are the prime factors of w?
3, 29
Let l(h) = 98*h**3 + 4*h**2 - 3*h + 20. List the prime factors of l(4).
2, 13, 61
Let f(y) = 5*y**2 - y + 4. Let m(j) = 3*j - 14*j**2 + 0*j - 12 + 0*j. Let a(q) = 7*f(q) + 2*m(q). What are the prime factors of a(2)?
2, 3, 5
Let n(f) = -3*f - 8. Let g(u) = -u**3 - 5*u**2 - 3*u - 1. Let q be g(-5). Let m be (-158)/q - 4/(-14). List the prime factors of n(m).
5
Suppose 2*z - 120 = -2*z. Suppose -z = -s - 5. What are the prime factors of s?
5
Let y = 683 - 286. Let i = -191 + y. List the prime factors of i.
2, 103
Let q(o) = -o**3 + 24*o**2 + 99*o - 31. List the prime factors of q(27).
5, 7, 13
Let t be (-6)/27 + (-3315)/27. Let c = 83 - t. List the prime factors of c.
2, 103
Let l(i) = 4*i - 1. Let y be l(1). List the prime factors of (198/(-4))/(y/(-4)).
2, 3, 11
Suppose 19 = 3*y + 4. Suppose -3*g = 2*a + 2*g - 117, 3*g + 277 = y*a. Suppose -5*i = -t + 22, 0 = -3*t - 3*i + a + 100. List the prime factors of t.
47
Suppose 12*c = 3*c + 2106. Let v = c + 9. What are the prime factors of v?
3
Let s be 8*2/6 - 7/(-21). Suppose -144 = -s*c + 102. What are the prime factors of c?
2, 41
Let p(k) be the third derivative of 0 + 3/2*k**3 + 2*k**2 + 1/4*k**4 + 0*k. What are the prime factors of p(4)?
3, 11
Suppose 0*l - 136 = 2*l. Let o be 0 + 1 + (l - -3). Let d = 92 + o. List the prime factors of d.
2, 7
Let z(n) = 16*n**2 + 15*n + 88. List the prime factors of z(-8).
2, 31
Let s = -2 + 5. Suppose -f + u + s*u = -19, -3*f + 107 = -2*u. List the prime factors of f.
3, 13
Suppose 0*k + k = -s - 16, 0 = 5*k - s + 74. What are the prime factors of k/75*(-896 + 1)?
179
Let g(c) = 3*c - 11 - 14 + 7. Let l(s) = -s**3 + 14*s**2 - 12*s - 4. Let x be l(13). List the prime factors of g(x).
3
Let p = 98 + 172. List the prime factors of p.
2, 3, 5
Let u be 6 - (-3 + 3 - -1). Suppose -2*a - 45 = -u*a. What are the prime factors of a?
3, 5
Let n = -99 + 71. Let p = 8 - n. List the prime factors of p.
2, 3
What are the prime factors of ((30/(-8))/(-3))/((-1)/(-56))?
2, 5, 7
Let z be 4*3/(-12)*-5. Suppose -4*w = -4*y + 340, 2 - 12 = -z*w. List the prime factors of y.
3, 29
Let n be ((-12)/(-8))/(6/16). Let j = n + 74. What are the prime factors of j?
2, 3, 13
Suppose -2*o + 5 = -v + o, -4*v - 5*o = -48. Let i = v - -18. Suppose -w = -0*w - i. What are the prime factors of w?
5
Suppose 543 = 4*h + j, -4*h + 123 = -3*h - 4*j. List the prime factors of h.
3, 5
Let b(j) = -2*j**2 - 1. Let g be b(-2). Let h be ((-1)/2)/(g/90). Suppose -h*q = -6*q + 28. What are the prime factors of q?
2, 7
Let d(r) be the second derivative of r**4/6 - r**3 + 12*r**2 + 19*r. What are the prime factors of d(9)?
2, 3, 11
Let g(d) = -d + 18. Suppose 10*i + 24 = 4*i. Let y = 2 - i. What are the prime factors of g(y)?
2, 3
Suppose 0 = -2*v - 3*t + 17, 0 = -5*v - t + 16 + 33. Suppose 5*d + v = -0*d. List the prime factors of (-5)/d*296/20.
37
Let h = 99 - -425. Suppose -14*i + h = -10*i. List the prime factors of i.
131
Let r = 813 - 94. List the prime factors of r.
719
Suppose -10*m = -4*m - 3090. What are the prime factors of m?
5, 103
Suppose 5*p - 12 = 73. Suppose -15*g + p*g = 14. What are the prime factors of g?
7
Suppose -3*d + 2*f = -21, -1 = 4*d + 2*f - 15. Suppose 2*y + 3*c + c = 76, d*y - c = 223. What are the prime factors of y?
2, 11
Suppose 0 = 2*l + 3*o - 609, l = 10*o - 5*o + 298. What are the prime factors of l?
3, 101
Suppose -4*c - 5 = -4*t + 31, 4*c + 28 = -4*t. What are the prime factors of (0 - -4)*(-6)/c?
3
Suppose -2*u = -4*u - 20. Let n(w) = -w**2 + w + 1. Let b(m) = -2*m**2 + 15*m + 5. Let z(x) = -b(x) + 3*n(x). List the prime factors of z(u).
2, 3
Let z = -51 - -26. Let a = 105 + z. List the prime factors of a.
2, 5
Let t = 328 - 185. Let h = t + -69. What are the prime factors of h?
2, 37
Let r be 3/(-2) - (-4)/8. Let v be 9/(0 + -3)*r. Suppose v*q - 81 = 3*d, -5*d = -2*q + 3*q - 21. List the prime factors of q.
2, 13
Suppose 894 = 3*i - 453. What are the prime factors of i?
449
Let z be 18/(-4 - (-42)/12). Let y be (-2)/3 - (-280)/(-12). What are the prime factors of ((-18)/y)/((-1)/z)?
3
Suppose 0 = 13*o + 4*o - 7072. List the prime factors of o.
2, 13
Suppose -2*m + 3*r + 145 = 0, 2*m - 15 = 5*r + 128. Suppose -n = -5*l + 9, -6*l - 4*n = -11*l + 6. Suppose -4*w + m = -l*w. What are the prime factors of w?
37
Let m(w) = -w**3 - 17*w**2 - 5*w - 10. Let h be (-231)/14 + (-2)/4. Let d be m(h). What are the prime factors of 3 + d/3 + 2?
2, 3, 5
Let c(h) = -h**3 + h - 4. Let u be c(-3). Suppose 2*y - u = 150. Suppose -3*p + y = -2. What are the prime factors of p?
29
Let l(t) be the second derivative of -t**3/3 - t**2 + t. Let c be l(-4). What are the prime factors of (-9)/27 - (-116)/c?
19
Let r be (-3)/(-2)*(-66)/(-11). List the prime factors of -987*(-1)/r*3/1.
7, 47
What are the prime factors of 1250/((-2)/17 + (-483)/(-782))?
2, 5
Suppose 3*s + 0 + 12 = 0. Let g = s + 0. List the prime factors of 1 + 31 + (-5 - g).
31
Let w be (-3)/(-12)*(-96)/(-4). What are the prime factors of w/39 + (-21300)/(-130)?
2, 41
Let o(y) = -y**3 - y**2 + 2*y. Let p be o(-2). Suppose p = -2*d - 2*d - 304. Let t = d + 106. List the prime factors of t.
2, 3, 5
What are the prime factors of ((-7014)/4)/(162/(-216))?
2, 7, 167
Let t be -4 - 5/(-10)*86. List the prime factors of 192*(t/(-12) + 4).
2, 3
Suppose 0*f = 4*f - 3*o - 189, 0 = 4*f - o - 183. List the prime factors of f.
3, 5
Suppose 15*w - 7622 = 3823. List the prime factors of w.
7, 109
Suppose -5*r + 3*f - 111 + 826 = 0, -415 = -3*r - f. Suppose -m - 4*m = r. Let q = -24 - m. List the prime factors of q.
2
Let y be 1/(-3) - 3961/51. Let g = 117 + y. List the prime factors of g.
3, 13
Let r(p) = -13*p + 10. Let n(v) = 13*v - 9. Let f(y) = 7*n(y) + 6*r(y). Let a(u) = -u**3 + 2*u**2 + 5*u - 4. Let t be a(3). List the prime factors of f(t).
23
Let l(o) = o - 4. Let t be l(2). Let f(c) = -c**2 - 7*c - 5. Let n be f(t). Suppose -35 = -4*p + n. List the prime factors of p.
2, 5
Let j(x) = 27*x - 53. Let n be j(-20). Let l = 882 + n. List the prime factors of l.
17
Let c = -998 - -1958. List the p